Suppose o + 2*l - 1 = -0*o, -o - 3 = 4*l. Suppose 4*c = 4*a - 5*a + 60, 0 = o*a. What is the tens digit of c?
1
Let u be 4/(-14) + (-30)/(-7). What is the tens digit of (-2)/(-2)*u*4?
1
Let v(u) = -u**2 + 10*u + 1. What is the units digit of v(10)?
1
Suppose 16 = -3*s + 5*s. Let p = -3 - -6. Suppose 7*c - s = p*c - 2*u, 2*c - u = 12. What is the units digit of c?
4
Let q = 10 + -9. Let o be 1 - q - (-16)/(-4). What is the tens digit of (153/(-18))/(2/o)?
1
Let a = 12 + -8. Let f be 365/11 + 4/(-22). Suppose a*x = 3*c - f, 0 = -3*c - 2*c + 3*x + 44. What is the units digit of c?
7
Let t(q) = 5*q - 52. What is the units digit of t(25)?
3
Let l be ((-10)/(-4))/((-1)/(-2)). Suppose -v = -3*v + 4. Let t = v + l. What is the units digit of t?
7
Let i = -12 - -27. Suppose 6 - i = -3*v. Suppose -4*x + 5*h = -53, 0 = -4*x - 2*h + v*h + 33. What is the units digit of x?
7
Suppose -7 = -5*b + 3*w, 0 = -3*b - 3*w + 2 - 17. Let m be (-2 + 3 + b)/1. Suppose -4*l - 6 = -7*l - y, -4*l + 3*y + 21 = m. What is the units digit of l?
3
Let p(h) = -h**3 - 3*h**2 + 2*h. Let s be p(-4). Suppose -3*m = -s*m + 160. What is the tens digit of m?
3
Suppose -5*i + 2*i = 0. Let n(z) = -9 - 1 + i - 2*z. What is the units digit of n(-8)?
6
Suppose 5 + 1 = r - q, 0 = -2*r - 2*q. Suppose k = -r*k + 40. What is the units digit of k?
0
Suppose 4*v + b - 74 = 17, 3*b = 3*v - 87. What is the tens digit of v?
2
Let y(x) = -x + 12. Let r(t) = t**3 + 2*t**2. Let n be r(-2). Suppose 5*o - 10 = 0, n*o + 2*o = 4*q - 16. What is the units digit of y(q)?
7
Suppose l = -3*n + 8, 3*n + n + l - 11 = 0. Suppose 5*j - 22 = n. What is the units digit of j?
5
Let i be (4/6)/(2/60). Suppose 4*p - i = -4*v, -2*p + 15 - 5 = -v. Let q = v - -2. What is the units digit of q?
2
Let v = -18 + 201. What is the units digit of v?
3
Suppose -5*l = -3*b + 14, 3*l + 1 + 3 = 4*b. Let k = 12 + l. What is the units digit of k?
8
Let m be ((-5)/(-3) - 1)*6. Suppose -1 + 17 = m*i. What is the units digit of i?
4
Let b(d) be the first derivative of 2*d**3/3 + 2*d**2 + 3*d - 4. Let g be b(-2). Suppose -2*p = -4*s + 54, 4 - 25 = -2*s + g*p. What is the units digit of s?
5
Let t(c) = 2*c**2 + 4*c. Let u be t(-3). Let p = 30 + u. What is the units digit of p?
6
Suppose n + 3 = -2*j, -3*j - 3*n = 15 - 3. What is the tens digit of (j - 0) + (21 - 4)?
1
Let r(c) = 15*c**2 - c. Let a be r(2). Suppose 4*t - 36 = -3*v, -t = 3*v - a + 13. What is the units digit of v?
6
Let d(m) = -m. Let h be d(-2). Let v(w) = 6*w**3 - 4*w**2 + 2*w. What is the units digit of v(h)?
6
Suppose -2*i = -6*i + 60. Let v = 7 - i. Let k = 15 + v. What is the units digit of k?
7
What is the units digit of (26/(-4))/(1/(-14))?
1
Let n be 10 - (2 - (3 + -1)). Suppose -g - 3*m + 20 = 0, 2*g - m - 3*m + n = 0. Suppose -2*f - 33 = -g*f. What is the units digit of f?
1
Suppose -3*q + k - 55 + 879 = 0, 3*q - 827 = -2*k. What is the hundreds digit of q?
2
Suppose -o = 0, n + 30 = 2*n + 4*o. Let u be 175/n + 1/6. Suppose u*l = 2*l + 32. What is the units digit of l?
8
Let r(w) = 12*w + 13. Let o(n) = 3*n + 3. Let t(b) = 9*o(b) - 2*r(b). What is the tens digit of t(5)?
1
Suppose 2*k = 2*l + 29 + 303, 3*k + 3*l - 492 = 0. What is the tens digit of k?
6
Let m(f) = f**2 - 5. Let y be m(4). What is the units digit of y/2 + (-1)/(-2)?
6
Let x = 117 - 36. What is the tens digit of x?
8
Suppose -2*h + 24 = 4*k, 0 = -3*h + 3*k - 5*k + 20. Let a(c) = -c**2 + 3*c - 3. Let f be a(h). Let l = f + 19. What is the units digit of l?
2
Let y = 66 - 93. Let o = y - -44. What is the units digit of o?
7
Let d = -1 + 8. Let q(u) = -5*u**3 - 9*u**2 + 14*u - 9. Let g(p) = 2*p**3 + 5*p**2 - 7*p + 4. Let z(w) = 7*g(w) + 3*q(w). What is the units digit of z(d)?
1
Suppose 2*n - 3*i = 65, -2*n = -3*n - 2*i + 15. Let f = n + -15. Suppose -l = 4*l - f. What is the units digit of l?
2
Let z(g) = 11*g**2. Let r be z(1). Let p = 20 - r. What is the units digit of p?
9
Suppose -n + 4*n - 117 = 0. What is the units digit of n?
9
Let b = 78 - 41. What is the tens digit of b?
3
Let u(n) = n**2 + 6*n + 1. Let m be u(-6). Suppose 3*y + m = 7. What is the units digit of y?
2
Let n(l) = -l**3 - l**2 + 12*l. Let f(k) = -3*k + 10. Let t be f(5). What is the units digit of n(t)?
0
Let j = -6 + 6. Suppose 5*a + x = 17, 4*x + 8 = -a - j*x. Suppose s = -2*o + 3, 2*o - a*s - 8 = -0*o. What is the units digit of o?
2
Suppose -3*v + 56 = -118. What is the units digit of v?
8
Let z = 6 - 6. Suppose 13 = v + 4*j - 5*j, z = -5*v + j + 53. What is the units digit of v?
0
Suppose -2*f + 2*a = -212, a = -f + 4*f - 312. Let b = f - 56. What is the units digit of b?
7
Suppose 0 = 3*y - 9, -5 - 2 = -2*s + 3*y. Let u(z) be the third derivative of -z**5/60 + 3*z**4/8 + 5*z**3/3 + z**2. What is the tens digit of u(s)?
1
Suppose x = 4*w - 18, 2*w - 16 = -2*w. What is the units digit of (x - 2 - 2)/(-2)?
3
Let p be (-9)/(-6)*44/6. Suppose -q - 14 = 3*a, 4*q + 4*a + p = a. What is the units digit of q?
1
Let j(s) = -s**2 + 7*s - 1. Let w be j(3). Let g = 0 + w. What is the tens digit of g?
1
Let u(t) = 4*t**2 + 5 - 1 - t - 3*t**2. What is the tens digit of u(4)?
1
Let d(u) = -2*u**3 - 3*u**2 - 2*u - 1. Let t be d(-3). Suppose -3*i + t + 40 = 0. What is the tens digit of i?
2
Let u = 59 + -8. What is the tens digit of u?
5
What is the units digit of -25*1/2*-2?
5
Let r = -6 + 9. Let o(y) = -y**2 + 2*y**2 + 0*y + r*y. What is the units digit of o(-4)?
4
Let k(q) = -q**3 + 8*q**2 + 1. What is the tens digit of k(4)?
6
Suppose 5*a - 2*k - 86 = -k, -a + k = -18. What is the units digit of a?
7
What is the units digit of (-3729)/(-22) - (-1)/2?
0
Let h(f) = -f**3 - 19*f**2 - 24*f - 13. What is the tens digit of h(-18)?
9
Let s(x) = x**3 + 6*x**2 - x - 1. Let j be s(-6). Suppose -v + 2*z = -0*z - 10, -3*v - j*z - 14 = 0. What is the units digit of v?
2
Suppose -2*d - 4*w = -0*w - 26, -d + 12 = w. What is the tens digit of d?
1
Let j(t) be the second derivative of -t**4/8 - t**3 + 3*t**2/2 + t. Let l(i) be the first derivative of j(i). What is the units digit of l(-5)?
9
Suppose 5*c - 4*a = -0*c + 9, 8 = 5*c - 3*a. What is the units digit of c/(0 - -1)*19?
9
Let s(z) = -z + 14. Let o be s(14). Suppose 48 = 4*a - 4*p, a + 0*p - 4*p - 12 = o. What is the tens digit of a?
1
Suppose 108*a = 105*a + 1074. What is the hundreds digit of a?
3
Suppose 0 = g - 6 - 3. Suppose -g = -j + 19. Suppose -3*a + j - 1 = 3*b, -3*b + 27 = -a. What is the units digit of b?
9
Let x = 49 - 29. What is the units digit of x?
0
Let o be (3/5)/(3/15). Suppose -v - 3*t = -6*t + 7, -o = -3*v + 3*t. What is the units digit of v?
5
Let c(p) = p**2 + 4*p - 7. Let d be c(-6). Suppose -d - 8 = -j. What is the units digit of j?
3
What is the hundreds digit of (-45)/(-12)*(2 + 26)?
1
Suppose 4*r = 3*u + 292, -2*u + 0*u = -r + 73. What is the tens digit of r?
7
Let b(g) be the second derivative of 0 + g - 2*g**2 + 1/2*g**3. What is the units digit of b(3)?
5
Let o(g) = 19*g + g**2 - 5*g - 2*g**2. Let u be o(11). Suppose 0 = 2*f + f - u. What is the tens digit of f?
1
Suppose -2*p - 8 = -0*p. Let b = p - -7. What is the units digit of b?
3
Suppose 0 = 3*y + 5*h - 827, h - 2*h - 839 = -3*y. What is the hundreds digit of y?
2
Suppose 0 = x - 5*m + 13, -3*x + 0*x + 3*m = -21. What is the tens digit of x?
1
Suppose 4*w - 3*o = 371, w = 2*w - o - 94. What is the units digit of w?
9
Let p(s) = -s**2 - 6*s - 6. Let f be p(-5). Suppose 10 = v - 3*v. Let h = f - v. What is the units digit of h?
4
Suppose -y - 4*x = 2*y + 21, 4*y + 4*x = -24. Let w be y/(6/4) + 4. What is the units digit of (-28)/(-6) + w/(-3)?
4
Let g(z) = z**2 - z - 8. Let p be g(4). Suppose -p*c + 21 = -c. What is the units digit of c?
7
Let y(i) = i + 7. Let z be y(-5). Suppose 4*v = -0*n - z*n - 16, -5 = v. What is the units digit of n?
2
Suppose 2 - 11 = -3*h. What is the units digit of h/4 - 147/(-28)?
6
Suppose -5*p - 5 = -120. What is the units digit of p?
3
Let y(k) be the second derivative of 7/2*k**2 + 1/12*k**4 - 4/3*k**3 + 0 - 2*k. What is the units digit of y(8)?
7
Let d(f) = f**2 + 6*f + 2. Let a be d(-6). Suppose 3*x - 3*v = -7*v - 19, -a*x = 2*v + 10. What is the units digit of x + 1/(-2)*-4?
1
Suppose 13*q - 2691 = 4*q. What is the tens digit of q?
9
Let z(n) = 11*n**2 + 11. What is the